number?
False
Let g be 9/(-9) - (1 - 9). Suppose -k = -g*k + 36. Is k a composite number?
True
Let q(c) = 2018*c + 345. Is q(5) a prime number?
False
Suppose -3*o + 132 = -5*c, 5*c = -7*o + 2*o + 180. Let p = o + -19. Is -15*p/(-12) - 2 composite?
False
Let l be 1 + -3 - (-9 - 1). Let o(n) = n**3 - 8*n**2 + 9*n + 7. Let v be o(l). Suppose 0*q = q - v. Is q a composite number?
False
Let f be (-6)/14 - (-202)/14. Let d = 27 - f. Let j(l) = 4*l - 14. Is j(d) composite?
True
Let c = 21 + -8. Suppose -d + 4 = j, -2*j - 2*j + 10 = d. Suppose 89 + c = d*q. Is q prime?
False
Is 260 + 1/(4/(-4)) a prime number?
False
Let u = -473 - -199. Is -3 + 7 - u/(-4)*-106 a composite number?
True
Let j = 8815 + -3533. Suppose 12*f = j + 5746. Is f a prime number?
True
Let r(f) = -131*f**2 + 19*f + 5. Let o be r(-7). Is 3/(((-1)/o)/(4/12)) prime?
True
Suppose -2*b + 10836 = 4*d, -31*d + 28*d = 4*b - 8137. Is d a prime number?
True
Let r = -3 + 7. Suppose -r*x - 9 = -7*x. Suppose -2*u = u + 5*i - 764, 0 = 3*u + x*i - 762. Is u a prime number?
False
Suppose x - 12844 = 28059. Is x prime?
True
Let r(z) = -2*z**3 + 3*z**2 - 3*z. Let x be r(2). Is (-734)/(-4) + x/20 a composite number?
True
Let j(g) = g**3 - 37*g**2 - 21*g + 295. Is j(39) prime?
False
Let m = -15 - -17. Suppose c + c = -m*t + 298, -t + 4*c = -164. Let g = t - 69. Is g composite?
False
Let l = -15 + 15. Let z be (-6)/(-3) + 3 + l. Suppose o = 4*p - 2*p - 118, -z*o = p - 48. Is p prime?
False
Suppose 3*k + 42 - 54 = 0. Suppose 3*n - k*g = 1653, 0 = 3*n + 3*g - 0*g - 1632. Is n prime?
True
Suppose 47*r + 98175 - 386144 = 0. Is r prime?
False
Let h(g) = g + 2. Let f be h(-1). Let o(c) = 58*c**2 + 2*c - 1. Is o(f) prime?
True
Let t(p) = 40*p**2 - 2*p - 6. Let h be t(-8). Let d be (48/60)/(2/h). Suppose -1046 = -4*g - 5*r, -3*g = g - 4*r - d. Is g a prime number?
False
Let y(s) = 2898*s**2 - s - 1. Suppose 5*w = -0 - 5. Let i be y(w). Suppose -4*k + 650 = -i. Is k composite?
False
Let m be (28 + -5)*(2 + 9). Suppose 3*u - 3*r - 2*r = m, 2*u + 5*r - 177 = 0. Suppose -260 = -5*c + i, 5*i + u = 2*c + i. Is c a composite number?
False
Let t = 13085 - -11472. Is t a prime number?
False
Let p = 607 + -1079. Let o = -155 - p. Is o prime?
True
Let c = 35191 + -19764. Is c prime?
True
Let j = 18682 + -3729. Is j composite?
True
Let y be (-10)/((-4347)/(-2174) - 2). Suppose 8*l = -1484 + y. Suppose -7*b + l = -b. Is b prime?
False
Let d(t) = 94*t - 71. Is d(13) composite?
False
Let m(a) = -6*a**3 - 3*a**2 + 4*a + 9. Let q = 20 - 24. Is m(q) a prime number?
False
Suppose 7*k - 2*k - 5*m - 120 = 0, 67 = 3*k - 2*m. Suppose -n - 14 = -14. Suppose d + n*d = k. Is d a composite number?
False
Is 4/(-6)*-23145 + (21 - 24) a composite number?
False
Let w be 2/3*(-36)/(-6). Is 821/(w/(-3 - -7)) a prime number?
True
Suppose 4*j + 11673 = 3*c, -4*c - 5603 = 3*j - 21167. Is c a prime number?
False
Let z(j) = -j**2 - 10*j - 14. Let p be z(-8). Suppose p*l + 26315 = 4*a + a, 2*a - 5*l = 10547. Is a a composite number?
False
Let q = 8 + -4. Suppose 5*w + q*z = 2*z + 710, -z + 427 = 3*w. Suppose 0 = -2*p - 5*y + w + 153, 141 = p + 4*y. Is p a composite number?
True
Let q(f) = -89*f + 1. Let g(a) = -a**2 + 20*a + 16. Let o be g(21). Let n be q(o). Is n/1 - (1 + 0) prime?
False
Suppose -182 = -5*k + 2*i - 787, 0 = -4*k + 5*i - 467. Let v = -44 - k. Is v composite?
False
Let d(m) = 7*m**2 - 5*m - 249. Let y(p) = -p**2 + p - 1. Let u(f) = -d(f) - 5*y(f). Is u(0) prime?
False
Let k be 14*(-1)/(-6)*3. Suppose k*m = -4*p + 3*m + 28, 7 = 5*p - 2*m. Suppose 4*h - 868 = 5*d, -5*h = -4*h - p*d - 217. Is h composite?
True
Let n(q) = -12*q**3 - q**2 + 6*q - 17. Is n(-6) composite?
False
Suppose 1 = -u, d + 5*u = -0*d - 41. Is (64968/d)/(0 - (-6)/(-9)) a prime number?
True
Let l = 135 - -14. Is l a prime number?
True
Let v(g) = -762*g + 3. Suppose 0 = -i - i - 4. Let d be v(i). Let b = d + -892. Is b a composite number?
True
Suppose 0 = 3*i - s - 2762, -2*i + 2*s = 3*s - 1833. Is i a composite number?
False
Let w(q) = -q**2 + 7*q. Let s be w(6). Suppose 5*o - 67 = -3*l, o + 75 = s*o + 5*l. Suppose o*f + 129 = 14*f. Is f a composite number?
False
Let g(u) = 27*u**3 - u**2 - 2*u + 1. Let j be g(1). Suppose -2*o - 5*n = -7823, -2*n - 3*n = -j. Is o a composite number?
True
Suppose 1 = 2*v - 1, 2*p - 2 = 4*v. Let a be (-1)/3 + 4/12. Suppose -p*k + 4*k - 689 = a. Is k a composite number?
True
Suppose 4*a = -5*h + 28853, -9*h + 17307 = -6*h + 4*a. Is h a prime number?
False
Let q(t) = 60*t**2 + 7*t - 30. Let d(n) = -10*n**2 - n + 5. Let r(w) = -13*d(w) - 2*q(w). Suppose l - 6*l + 4*k = 36, l = -4*k + 12. Is r(l) a composite number?
True
Let t be 2 + 6 + -3 - 0/(-5). Suppose t*q = 16*q - 1397. Is q a prime number?
True
Suppose -5*k - 70*x + 40180 = -65*x, 2*x = 3*k - 24123. Is k composite?
False
Suppose -t + b + 5 = 0, t - 5*b = -0*b - 11. Suppose t*r = 11*r - 1418. Is r composite?
False
Suppose 0 = s - 5*j - 11 - 5, 3*s = 5*j + 28. Suppose -2*k = 3*c - 47 + 19, -c + s = 4*k. Let n(b) = b**3 - 6*b**2 - 7*b + 7. Is n(c) a prime number?
True
Is -31767*(56/(-24) - -2) prime?
True
Suppose -4*q - 382*s + 11932 = -377*s, 5*q + 5*s - 14915 = 0. Is q composite?
True
Suppose 12*n = 28*n - 283664. Is n a prime number?
True
Let h = 10668 + -6985. Is h composite?
True
Let v(j) = -j**3 - 14*j**2 + 16*j + 22. Let x be v(-15). Is 14/(-4)*(-388)/x composite?
True
Suppose 3*r + 5 = 2*z, -3*z - z + 4*r + 16 = 0. Let p(q) be the third derivative of 3*q**4/2 - 5*q**3/6 + 6*q**2. Is p(z) a prime number?
False
Let c = 15 + 5. Suppose 3*f - c = f. Is 5*(8/f - 0) a prime number?
False
Let x = -9 + 19. Let m be (-1914)/55 - 2/x. Is 398/5 - (-21)/m prime?
True
Suppose 0 = r + r - l - 2251, -5*r - 3*l = -5644. Suppose 0 = 5*j - 4*a - r, 0 = -2*j + 3*a + 465 - 10. Is j a composite number?
False
Let x = -7 - -10. Suppose 0 = 10*k - x*k - 7693. Is k prime?
False
Let b be (-22)/(-143) + 48/26. Suppose b*u = -0*u. Is ((-87)/(-1) - -4) + u prime?
False
Let j = -4923 - -109. Let t = j - -7147. Is t a prime number?
True
Is (-1474)/(-7 + 4 + 1) a prime number?
False
Suppose 38 = 2*r - 54. Is r/253 + (-14)/(-22)*9719 a prime number?
False
Let d(c) = -4*c**3 - 7*c**2 - 5*c - 11. Let b be d(-6). Let u = -280 - b. Let w = -534 - u. Is w composite?
True
Suppose 12*c - 7*c - 32975 = 0. Suppose -3*p + c = -2642. Is p prime?
True
Let q be (-13)/(-3) - (-5)/(-15). Let u = q + -1. Suppose 163 = -u*v + 418. Is v prime?
False
Let v = -857 + 1534. Let k = v + -454. Is k a prime number?
True
Let a be (-7 + 12)/(1 + 0). Suppose -l + 3 + 0 = -c, c = -a*l + 27. Suppose i + 3*v = -c*v + 25, -5*i + 3*v = -69. Is i prime?
False
Let a = -2685 + 1607. Suppose 3*d + 2*m = 3*m - 708, 0 = 5*d + 2*m + 1191. Let s = d - a. Is s composite?
True
Suppose 5*m - 3*u - 9123 = -2*u, -2*u - 6 = 0. Suppose -m = -3*j + 1689. Is j a composite number?
False
Let c(n) = -77*n - 8. Let a(y) = -y**2 + 7*y + 3. Let t be a(6). Suppose -l + 1 - t = 4*k, 3*l - 12 = 0. Is c(k) composite?
False
Let i(x) = -1251*x**3 - 3*x - 1. Is i(-1) prime?
False
Suppose -2*a = 4*a - 11862. Is a composite?
True
Suppose 1532*i = 1537*i - 575675. Is i a composite number?
True
Suppose 6*w - 3*w - 2*m = 8333, 2*w - 2*m = 5558. Suppose 7*p + 3*z - w = 4*p, 3732 = 4*p - 4*z. Is p composite?
False
Let o be (0 - 4/(-8))*-14. Let b be o/(-2) - 1/2. Suppose x + 168 = 3*x + 2*m, b*x = -4*m + 257. Is x a prime number?
True
Let c(k) = -135*k + 74. Is c(-29) composite?
False
Is 20891*-1*(-88 + 87) a composite number?
True
Suppose 3*l + 1 = -5. Let d be 12/(-3)*l/4. Is 252/8 - 1/d a prime number?
True
Is (22892 - -56)/(1*4) composite?
False
Suppose -u + 25 - 82 = 2*r, -3*u + 2*r = 195. Let n = 281 + u. Is n prime?
False
Let t(u) = 19*u**2 + 40. Is t(21) a composite number?
False
Let y(z) = -32*z - 49. Is y(-30) a prime number?
True
Let p = -7 - -5. Is (-5 - -1) + 364 - p/(-2) composite?
False
Let r = -908 - -1587. Is r a prime number?
False
Suppose 3*n - 7538 = 1519. Is (-2 - -1)*2 + n a composite number?
True
Let a(n) = 1703*n + 37. Let y be a(5). Suppose 6*q + 2*q - y = 0. Is q composite?
False
Let t(g) = -1097*g - 30. Let h be t(-4). Suppose -4*j + h = -2*j. Is j a composite number?
False
Suppose -12 - 24 = -3*g. Suppose 3*r + 3 = 12. Suppose -r*a - g = -369. 